 -2*f, 3*f = p*h - 0*f - 3. Suppose 4*d = -93 + 233. What is the highest common divisor of h and d?
5
Suppose 7 = 5*w - 3. Let n = -4 - -8. Suppose t + 2*t = -z + n, -w*t + z + 1 = 0. Calculate the greatest common factor of 5 and t.
1
Suppose 4*m - m - 210 = 0. What is the greatest common divisor of 10 and m?
10
Suppose 5*x - 190 - 98 = -n, -2*n + 234 = 4*x. Calculate the highest common divisor of x and 3.
3
Suppose -3*z - 5*s + 8 = 0, 4*z - 2*s + 3*s - 5 = 0. Let m be -5*(-1 + (z - 4)). What is the greatest common divisor of m and 60?
20
Let d be 2 - (-1 + 0 + 3). Suppose d = -a + 4*a - 15. Suppose 0*q = a*q - 40. Calculate the greatest common factor of q and 64.
8
Let o be 1848/32 + (-1)/(-4). Suppose 10 = -4*j + o. What is the greatest common divisor of 4 and j?
4
Let d = -81 - -49. Let f = d + -5. Let g = -23 - f. What is the highest common factor of 70 and g?
14
Suppose -a - 3*a = -28. What is the greatest common divisor of a and 49?
7
Let y be -2 + 0*(-3)/(-6). Let w = -4 - y. Let m be 1 + -12*w/2. Calculate the highest common divisor of m and 117.
13
Let v be 8 - ((-22)/33 + 2/(-6)). Let m(q) = q**3 + 4*q**2 - q - 3. Let i be m(-4). Calculate the highest common divisor of i and v.
1
Suppose v - 161 = -k, -3*v + 475 = -0*v + 5*k. Suppose 3*w = -3*x + 60, 65 = -0*w + 4*w + x. Calculate the highest common divisor of w and v.
15
Let s(l) = -149*l + 8. Let z be s(-2). Calculate the highest common factor of z and 34.
34
Let o = -143 - -174. What is the greatest common divisor of 62 and o?
31
Let m be -2*((-21)/6 - -2). Suppose -m*g - 2*g + 50 = 0. What is the greatest common factor of g and 80?
10
Let h be -2 + 2 + (-12)/(-2). Suppose -u - f = -h*f - 45, 4*u - 2*f = 90. Calculate the highest common factor of 50 and u.
10
Let x be 9 + 2 - 5/5. What is the greatest common divisor of x and 110?
10
Suppose -2*k - 455 = -9*k. Calculate the highest common divisor of k and 10.
5
Suppose 0 = 3*z - 14 - 7. Suppose -z*d = -4*d - 117. What is the highest common divisor of 26 and d?
13
Let f(x) = -x**3 - 18*x**2 + 19*x + 19. Let o be f(-19). What is the greatest common divisor of o and 57?
19
Let i be 2/(-2) - (3 - 6). Suppose a + 3*d = i*a - 180, -a - 2*d = -165. What is the greatest common divisor of 19 and a?
19
Suppose -3*y - 2 = 10. Let t be (y/4)/((-1)/(-2)). Let i be (t - 1)*(-1 + -5). What is the highest common divisor of 144 and i?
18
Let z be ((-10)/4)/(2/116). Let a = -100 - z. What is the highest common divisor of 15 and a?
15
Let o(g) = 25*g + 3. Let t be o(1). Let p(n) = -3*n - 2. Let m be p(-3). What is the highest common divisor of t and m?
7
Let c = -30 + 84. What is the highest common factor of 27 and c?
27
Let a(w) = 4*w - 3. Let z be a(5). Let j = 74 - z. Suppose -5*u + 63 = -j. Calculate the highest common divisor of 3 and u.
3
Suppose 2*a = 6*a. Suppose a*o - 3*o + 126 = 0. What is the greatest common divisor of 28 and o?
14
Let a(n) = 3*n**2 - 9. Let c be a(-8). Suppose 3*l - 5*t - 535 = 0, c = l + t + 2*t. Calculate the greatest common factor of 20 and l.
20
Suppose 5*s + 0*n - 136 = 2*n, s - 35 = 3*n. What is the highest common divisor of 234 and s?
26
Suppose -5*h + 130 = -2*h - 4*j, 0 = 2*j - 10. Let i(s) = 2*s**2 + 2*s - 4. Let c = -4 + 0. Let v be i(c). What is the highest common divisor of v and h?
10
Let j(t) = -3*t**3 - t**2 - 2*t + 3. Let y = -2 - 1. Let k be j(y). What is the greatest common factor of k and 9?
9
Suppose -5*r + 2*u - u = -118, 5*r + 3*u - 106 = 0. Let b(g) = 12*g - 2. Let c be b(4). What is the highest common factor of c and r?
23
Let w be (3 - 4)*(1 - 1). Suppose -5*m + w*m + 40 = 0. What is the greatest common divisor of 72 and m?
8
Let r = -1 - -3. Let d be (-13)/(r*(-2)/4). Suppose 0 = -6*z + 22*z - 624. Calculate the greatest common factor of z and d.
13
Suppose -4*y + 4*x + 36 = 0, -9 = -y + 2*y + 5*x. What is the highest common divisor of y and 15?
3
Suppose 7*t + 18 - 88 = 0. Calculate the greatest common factor of 110 and t.
10
Suppose 0*q = -5*q + 45. Calculate the greatest common divisor of 9 and q.
9
Let w = 148 - 23. Suppose 4*s - 32 = 68. What is the greatest common divisor of w and s?
25
Suppose 5*q = 4*q + 132. Suppose -q = h + 3*h. Let s = 46 + h. Calculate the greatest common divisor of 65 and s.
13
Suppose 0 = -4*u + u - 81. Let s be (0 - u)*12/18. Suppose -w + 3*b = -s, 2*w + 1 = -4*b - 13. What is the highest common divisor of w and 15?
3
Let f = 23 + 17. Suppose 0*s - o + 1 = -s, 4*s + 4*o = 28. Let z be 2 + (0 - s) - -17. What is the greatest common divisor of f and z?
8
Let z be 15/(-6) + 6/4. Let w = z + 1. Suppose -3*p = 3*n - w*p - 141, -2*n - 4*p = -84. Calculate the highest common divisor of n and 13.
13
Let d be (1/(-2) + 0)*-20. Suppose 4*k + r - 120 = 0, 5*r - 25 = -2*k + 35. Calculate the highest common factor of k and d.
10
Suppose -2*a + 0 = 2*q - 2, 0 = -5*a - 20. Suppose -q + 53 = 3*w. Let k be 3/3 - (3 - 10). Calculate the greatest common factor of k and w.
8
Suppose 8*u - 3*u - 4*m = -1856, 3*u = 5*m - 1124. Let x be (-4)/6 + u/(-12). Let y = 12 + x. What is the highest common factor of 21 and y?
21
Let r = 67 - 43. Calculate the greatest common divisor of r and 60.
12
Let h(l) = l**3 - 4*l**2 + 3*l + 2. Let d be h(3). Let z(c) = 6*c**3 + c**2 + 3*c - 2. Let a be z(d). Calculate the highest common factor of 140 and a.
28
Suppose 5*d + 4*t - 70 = -t, -3*t + 2 = -d. Suppose 0 = -2*z + 5 + 55. What is the greatest common factor of d and z?
10
Suppose -5*b + 212 = 4*h, -2*b = -b + 2*h - 46. What is the greatest common factor of 5 and b?
5
Suppose -2*s + s - 6 = 0. Let i = s + 8. Suppose 3*h - 1 = 5. What is the greatest common factor of h and i?
2
Suppose -4*l - 29 = 4*b - 169, 5*b = 5*l - 215. Let w = 97 + -45. Suppose 4*y + 0*y = w. What is the greatest common factor of y and l?
13
Let d(k) = k**2 - 8*k + 6. Let w be d(5). Let b be (-1)/(-3) - 159/w. Calculate the greatest common divisor of 126 and b.
18
Let c be ((-30)/9)/(14/(-63)). Calculate the highest common factor of 20 and c.
5
Suppose 4*r - 81 = -17. Let w be r + (-9)/(-3) + -3. Let o(j) = 4*j**2 + 3*j + 2. Let z be o(-6). Calculate the highest common divisor of w and z.
16
Let y(l) = -5*l + 36. Let f be y(6). Calculate the greatest common divisor of 30 and f.
6
Let d = -1 + 26. Let k = d - 1. Calculate the greatest common divisor of k and 3.
3
Let x = 68 - 55. What is the highest common factor of 117 and x?
13
Let f = 23 + -3. Calculate the highest common factor of f and 10.
10
Let l = 315 - 175. Calculate the highest common factor of 20 and l.
20
Suppose 3*f - 2*o = 112, -o + 4 = 3*f - 111. Calculate the greatest common factor of f and 418.
38
Suppose -3*l = -0*q - 4*q + 461, 4*l - 468 = -4*q. Let x = 60 - 31. What is the greatest common divisor of x and q?
29
Suppose 4*p - 8 = 0, -5*s - 2*p = -3*p - 43. What is the highest common factor of 63 and s?
9
Suppose 0 = 2*w - w - 2, 5*w = o - 6. What is the highest common divisor of 20 and o?
4
Let p = -60 - -75. Calculate the highest common factor of 15 and p.
15
Suppose 23 = 4*l + 5*q, 80 = 4*l + l - 4*q. Let w = l + -7. What is the highest common factor of w and 45?
5
Suppose -9 = -2*q + 3. Suppose 0 = -t + 2*s + 2, 3*t + 0*s = 2*s + q. Suppose 0 = t*g + g - 210. Calculate the highest common divisor of 10 and g.
10
Suppose -4*r + 23 = 3. Let v = 38 + -8. What is the highest common divisor of v and r?
5
Let t(y) = y - 2. Let z be t(12). Let g(l) = l**2 - 4*l - 9. Let w be g(z). What is the highest common factor of w and 17?
17
Suppose 3*k + 19 = -2*a + 119, 136 = 4*k + 4*a. What is the highest common divisor of 48 and k?
16
Let x be ((-28)/(-6))/((-5)/(-15)). Calculate the greatest common divisor of 28 and x.
14
Let y = 70 - 22. Suppose m = -3*m + y. Calculate the highest common factor of m and 6.
6
Suppose 4*y - 5*c - 130 = 0, -3*y + 2*y + 31 = -2*c. Suppose -3*g - 67 = -4*t - t, 4*t = -5*g + 61. What is the highest common factor of t and y?
7
Let n = 14 + -7. Calculate the highest common divisor of n and 77.
7
Let q(z) = -z - 3*z - 5*z + 0*z. Let v be q(-1). Calculate the highest common factor of 81 and v.
9
Let a be -3 - 0 - (3 + -114). Calculate the highest common factor of 12 and a.
12
Let w = -3 + 6. Suppose w*v + v = 140. What is the highest common fa